at is the remainder when r is divided by f(-12)?
12
Let s(n) = n**2 + 158*n + 6245. Calculate the remainder when 22 is divided by s(-79).
2
Let k(t) = t**3 + 11*t**2 - 26*t - 345. What is the remainder when 1842 is divided by k(-10)?
12
Let b = -139 - -142. What is the remainder when 56 is divided by ((-490)/b)/(-5) - 4/(-12)?
23
Let o(w) = w**2 + 37*w + 9. Let h be o(-23). Let m = -290 - h. What is the remainder when 365 is divided by m?
20
Let i(s) = -30*s - 4. Let t be i(-3). Suppose 2*c + k = -200, -2*k - t = c + 2*k. Let o = 180 + c. What is the remainder when o is divided by 27?
24
Let z(r) = 2*r**3 - 18*r**2 - r + 9. Let k be z(9). Let t be (-561)/(-12) + (-2)/(-8). Suppose 4*y - 13 - t = k. Calculate the remainder when y is divided by 9.
6
Let r(n) = 50*n - 253. Let m be r(5). What is the remainder when (m/(-8) - 0) + (-27951)/(-88) is divided by 65?
58
Let a(l) = 8*l - 123. Let i be a(16). Suppose -i*q + 501 = -244. Calculate the remainder when q is divided by 9.
5
Let u(s) = 7*s - 2. Let t be u(1). Suppose 0*m + 4*c = 2*m - 52, -4*c = -t*m + 160. What is the remainder when 16 is divided by (18/m)/((-2)/(-44))?
5
Suppose -1621 + 531 = -5*a. Suppose 0 = -m + a + 35. Calculate the remainder when m is divided by 29.
21
Let a = 49 + 52. Let q(m) = 5*m + 1. Let z = 38 + -33. Calculate the remainder when a is divided by q(z).
23
Suppose 63*j - 9338 = 49*j. What is the remainder when j is divided by 97?
85
Suppose 44 = 5*b - 3*p, 5*p = -7 - 8. Let s = 37 + 5. Let m = s + b. What is the remainder when m is divided by 17?
15
Let l(m) = 26*m**3 + m + 1. Let j be l(-1). Let d = 36 + j. Let h = 105 + d. What is the remainder when h is divided by 30?
25
Calculate the remainder when 11/1 - (2 - 86) is divided by 33.
29
Let z be 4/(32/24) + (0 - -1). Suppose -4*x = t - 74, t + 5*x + 154 = z*t. Calculate the remainder when t is divided by 24.
10
Suppose -182*q + 16722 + 5519 - 2039 = 0. Calculate the remainder when 188 is divided by q.
77
Let x(f) be the first derivative of 2*f**2 + f + 1. What is the remainder when x(5) is divided by (-28)/6*312/(-208)?
0
Let i = -3002 + 3141. What is the remainder when i is divided by 51?
37
Let k be 1084/16 + (-1)/(-20)*5. Let c = k + 17. Calculate the remainder when c is divided by 29.
27
Suppose -2*y - 903 = -9*y. Suppose 14*b - v = 17*b - 129, 0 = 3*b - 2*v - y. Calculate the remainder when b is divided by 11.
10
Suppose -32 = -c - 4*t, 21*t - 4 = 20*t. Let g(s) = s**2 - s - 4. Let n be g(0). Calculate the remainder when c is divided by (8/(-4))/(n/10).
1
Let g = 234 + -46. Suppose -a - 51 = -2*a - 3*u, -3*a - 2*u = -g. Suppose 28*p - 153 = 48*p - 29*p. Calculate the remainder when a is divided by p.
15
Let u be 4 + -7 - (0 - -1)*-77. Let p = -58 + u. Let s(k) = 29*k**2 + k. What is the remainder when s(1) is divided by p?
14
Calculate the remainder when 268 is divided by (112/280 + 1/10)/(2/28).
2
Let i = 16509 - 16487. Let t = 9 + 71. What is the remainder when t is divided by i?
14
Let q(r) = r + 3. Let a be q(-1). Let i be 15/2*(0 + a). What is the remainder when 22 is divided by -1 + i/2 + 12/8?
6
Let r be (3 - 6)/(13/2028). Let i = 581 + r. Calculate the remainder when i is divided by 49.
15
Suppose 44*v - 38*v - 336 = 0. What is the remainder when 1674 is divided by v?
50
Let t(q) = -2*q**3 - 90*q**2 + 37. Let b be t(-45). Suppose -b*n - 132 = -41*n. Calculate the remainder when n is divided by 19.
14
Suppose -1321 = -6*d + 137. Suppose 141*v - 140*v - d = 0. Let a = v - 166. Calculate the remainder when a is divided by 39.
38
Suppose -6403 + 2273 = -2*l. Calculate the remainder when l is divided by 256.
17
Let x be ((-2 - -2) + -4)*(-8 - -3). Suppose 2*r - x = -3*r. Suppose 112 = 2*s - r*u, 5*u - 49 = 2*s - 158. What is the remainder when s is divided by 16?
14
Suppose -530 = -131*c - 14*c + 340. Let s(g) = -g**3 + 11*g**2 - 11*g + 12. Let i be s(10). What is the remainder when 9 - (0 - (i - 3)) is divided by c?
2
Calculate the remainder when 273 is divided by (19 - -17 - 49) + 68/1.
53
Suppose 44280 = 16*h + 44*h. Calculate the remainder when h is divided by 9.
0
Let j be (-8)/(-16) + 775/2. Let v = -270 + j. Suppose -i = 3*m - 5*i - v, 2*i = -5*m + 214. Calculate the remainder when 123 is divided by m.
39
Suppose 3*m - 13 = -2*l, l + 5*m = -4*l + 30. Suppose 0 = -4*r - 16, -44*r + 1084 = -4*f - 45*r. Let p = 280 + f. What is the remainder when p is divided by l?
0
Let q(p) = -4*p + 56. Let b be q(13). Calculate the remainder when 134 is divided by 162/(-6)*b/(-4).
26
Suppose 0 = -p - n + 141, 2*p + 9*n = 10*n + 276. Calculate the remainder when p is divided by 16.
11
Let b = 140 - 133. Suppose -95 + 431 = b*r. Let l = r - -1. What is the remainder when l is divided by 9?
4
Suppose 0 = 4*i - 3*p - 2*p - 65, -5*i + 75 = -5*p. Let x(y) = -2*y**2 + 25*y - 38. Calculate the remainder when 142 is divided by x(i).
10
Let a(p) = -126*p - 6328. Calculate the remainder when 1415 is divided by a(-51).
43
Suppose -2*d - 564 = -5*d. Suppose b = -3*m + 320, -m = 6*b - 10*b + 1319. Let u = b - 291. Calculate the remainder when d is divided by u.
36
Suppose 76*a = 80*a + 152. What is the remainder when 132 is divided by 3*2/(-6)*4 - a?
30
Let k(u) = 14*u**2 + 174*u - 3. Calculate the remainder when k(-21) is divided by 180.
177
What is the remainder when 158 is divided by (-20)/2*(-20)/(13 - 3)?
18
Suppose -5*j - 4 = t, -5*j + 2*t + 8 = -3*j. Suppose j = 2*h + 2 - 8. Suppose 43*s = 125*s - 820. What is the remainder when s is divided by h?
1
Let u(t) = -772*t - 93. Let x be u(-4). Suppose 39*r - x + 421 = 0. Calculate the remainder when r is divided by 29.
8
Suppose -4*l + 421 = -2071. What is the remainder when l is divided by 33?
29
Suppose -2*h = -42 - 30. Suppose 0 = -4*l + 2*q + 12, 0 = -0*l + 2*l - 2*q - 4. Suppose -l*p = -1174 + 462. Calculate the remainder when p is divided by h.
34
What is the remainder when (-11)/(33/(-4)) - 412/(-6) is divided by 56?
14
Let b(h) be the third derivative of h**5/30 + h**4/8 - 4*h**3/3 + 50*h**2 - h. What is the remainder when 4 is divided by b(-3)?
0
Suppose -4*q = -5*s - 252, 2*q - 31 = -2*s + 77. What is the remainder when 246 is divided by q?
14
Calculate the remainder when 69 is divided by 5/4 - (-3)/((-240)/(-460)).
6
Let j = 41 - -3. Suppose 0 = 16*m - 20*m + j. Calculate the remainder when (-1 - -9)/((-14)/(-56)) is divided by m.
10
Let z(h) = -h**3 + 14*h**2 + 9*h + 4. Let t be z(16). Let r = 84 + t. Calculate the remainder when (r/(-16))/(3/(-2))*-3 is divided by 10.
5
Suppose -2*u + 8 = -2*c + 4*c, 3*c = u - 8. Suppose 2*o + 90 = 4*r, 4*o + 78 + 33 = u*r. Calculate the remainder when r is divided by 5.
3
Let u = -3989 - -3990. Let h(l) = -24*l + 7. Let m(x) = -49*x + 14. Let f(g) = -13*h(g) + 6*m(g). What is the remainder when 60 is divided by f(u)?
5
What is the remainder when 754 is divided by 16/56 + (-183)/(-21)?
7
Let t = 62 + -208. Let i = 160 + t. Calculate the remainder when 55 is divided by i.
13
Suppose 3*y + 119 = 134. Let o(d) = 9*d**3 + 3*d**2 + 11*d - 16. Calculate the remainder when o(y) is divided by 18.
15
Let z(h) = h - 18. Let c be z(-10). Let t(i) = -2*i - 51. Calculate the remainder when 22 is divided by t(c).
2
Suppose -14*r + 290 + 45 = 5*y, 2*r = -2*y + 152. What is the remainder when 124 is divided by y?
43
Suppose -24*d + 640 = -4*d. Suppose d*t - p = 30*t + 259, t + 2*p - 137 = 0. What is the remainder when t is divided by 22?
21
Suppose -242 = -12*r + 334. Let b(k) = 14*k**2 - 3*k - 5. Let u be b(3). Let z = 207 - u. What is the remainder when z is divided by r?
47
Suppose 133603 = 28*k + 4*k - 15*k. Calculate the remainder when k is divided by 20.
19
Suppose -4*b + 8584 = 33*b. Let q = b + -94. What is the remainder when q is divided by 74?
64
Suppose -x + 118 = -0*x. Let r = 15802 + -15794. What is the remainder when x is divided by r?
6
Let q be (-7)/21 + (-341)/3. Let w = 24 + q. Let a = 119 + w. Calculate the remainder when 55 is divided by a.
26
Let f = 130 + -50. Suppose -4*k + 9*k + 3*q = f, 3*k - 19 = 4*q. Suppose 0*s = -2*s - 4*a + 52, -4*s = -a - 140. What is the remainder when s is divided by k?
8
Let s = -17 - 18. Let d = s - 15. Let t = d - -55. Calculate the remainder when t is divided by 2.
1
Suppose -5*w + 417 = 2*p